{"id":716,"date":"2023-12-06T03:49:44","date_gmt":"2023-12-06T03:49:44","guid":{"rendered":"https:\/\/belenesparza.es\/index.php\/2023\/12\/06\/muebles-muebles-estampados-belen-esparza\/"},"modified":"2025-01-10T17:58:19","modified_gmt":"2025-01-10T16:58:19","slug":"muebles-muebles-estampados-belen-esparza","status":"publish","type":"page","link":"https:\/\/belenesparza.es\/index.php\/diseno\/muebles-muebles-estampados-belen-esparza\/","title":{"rendered":"Muebles \/ Muebles estampados : belen.esparza"},"content":{"rendered":"<p>MUEBLES ESTAMPADOS<br \/>\n<strong>muebles en madera estampada<\/strong><\/p>\n<p>Descubr\u00ed hace unos a\u00f1os este material buscando las imagenes de aquellos muebles empapelados que se usaban anta\u00f1o,seguro que en un intento de alargar la vida de los mismos o dignificar su aspecto.Se forraban baules,mesitas,cajas&#8230; Me atrajo la modernidad del proceso.Una construccion estandarizada con un material personalizado y convertido en especial por medio de la avanzada tecnologia.<\/p>\n<p>A la vista de que son productos que os interesan,estoy preparando la produccion de varios de ellos, banquetas, mesitas,peque\u00f1os contenedores&#8230; os mantendre informados<\/p>\n<p><img alt='71_71dsc03071' src='https:\/\/web.archive.org\/web\/20241122144208\/http:\/\/www.belenesparza.es\/wp-content\/uploads\/2023\/12\/71_71dsc03071.jpg' \/> <img alt='71_15dsc03076' src='https:\/\/web.archive.org\/web\/20241122144208\/http:\/\/www.belenesparza.es\/wp-content\/uploads\/2023\/12\/71_15dsc03076.jpg' \/> <img alt='71_15dsc03069' src='https:\/\/web.archive.org\/web\/20241122144208\/http:\/\/www.belenesparza.es\/wp-content\/uploads\/2023\/12\/71_15dsc03069.jpg' \/> <img alt='71_15mueblebarcerrado' src='https:\/\/web.archive.org\/web\/20241122144208\/http:\/\/www.belenesparza.es\/wp-content\/uploads\/2023\/12\/71_15mueblebarcerrado.jpg' \/> <img alt='71_15mueblebardetalle' src='https:\/\/web.archive.org\/web\/20241122144208\/http:\/\/www.belenesparza.es\/wp-content\/uploads\/2023\/12\/71_15mueblebardetalle.jpg' \/> <img alt='71_15mueblebarabiertocerrado' src='https:\/\/web.archive.org\/web\/20241122144208\/http:\/\/www.belenesparza.es\/wp-content\/uploads\/2023\/12\/71_15mueblebarabiertocerrado.jpg' \/> <img alt='71_15vajilleroestampado1' src='https:\/\/web.archive.org\/web\/20241122144208\/http:\/\/www.belenesparza.es\/wp-content\/uploads\/2023\/12\/71_15vajilleroestampado1.jpg' \/> <img alt='71_muble-flores1' src='https:\/\/web.archive.org\/web\/20241122144208\/http:\/\/www.belenesparza.es\/wp-content\/uploads\/2023\/12\/71_muble-flores1.jpg' \/> <img alt='71_mueble-flores-2jpg' src='https:\/\/web.archive.org\/web\/20241122144208\/http:\/\/www.belenesparza.es\/wp-content\/uploads\/2023\/12\/71_mueble-flores-2jpg.jpg' \/> <img alt='71_15vajilleroestampado2' src='https:\/\/web.archive.org\/web\/20241122144208\/http:\/\/www.belenesparza.es\/wp-content\/uploads\/2023\/12\/71_15vajilleroestampado2.jpg' \/> <img alt='71_banqueta3' src='https:\/\/web.archive.org\/web\/20241122144208\/http:\/\/www.belenesparza.es\/wp-content\/uploads\/2023\/12\/71_banqueta3.jpg' \/> <img alt='71_banqueta4' src='https:\/\/web.archive.org\/web\/20241122144208\/http:\/\/www.belenesparza.es\/wp-content\/uploads\/2023\/12\/71_banqueta4.jpg' \/> <img alt='71_71banqueta2' src='https:\/\/web.archive.org\/web\/20241122144208\/http:\/\/www.belenesparza.es\/wp-content\/uploads\/2023\/12\/71_71banqueta2.jpg' \/> <img alt='71_banqueta1' src='https:\/\/web.archive.org\/web\/20241122144208\/http:\/\/www.belenesparza.es\/wp-content\/uploads\/2023\/12\/71_banqueta1.jpg' \/> <img alt='71_v1' src='https:\/\/web.archive.org\/web\/20241122144208\/http:\/\/www.belenesparza.es\/wp-content\/uploads\/2023\/12\/71_v1.jpg' \/> <img alt='71_15mesaslateral7' src='https:\/\/web.archive.org\/web\/20241122144208\/http:\/\/www.belenesparza.es\/wp-content\/uploads\/2023\/12\/71_15mesaslateral7.jpg' \/> <img alt='71_15mesasfrontal1' src='https:\/\/web.archive.org\/web\/20241122144208\/http:\/\/www.belenesparza.es\/wp-content\/uploads\/2023\/12\/71_15mesasfrontal1.jpg' \/> <img decoding=\"async\" src=\"http:\/\/belenesparza.es\/files\/gimgs\/71_15mesaslateral2.jpg\" \/><\/p>\n","protected":false},"excerpt":{"rendered":"<p>MUEBLES ESTAMPADOS muebles en madera estampada Descubr\u00ed hace unos a\u00f1os este material buscando las imagenes de aquellos muebles empapelados que se usaban anta\u00f1o,seguro que en un intento de alargar la vida de los mismos o dignificar su aspecto.Se forraban baules,mesitas,cajas&#8230; Me atrajo la modernidad del proceso.Una construccion estandarizada con un material personalizado y convertido en [&hellip;]<\/p>\n","protected":false},"author":1,"featured_media":0,"parent":863,"menu_order":0,"comment_status":"closed","ping_status":"closed","template":"","meta":{"ngg_post_thumbnail":0,"footnotes":""},"class_list":["post-716","page","type-page","status-publish","hentry"],"_links":{"self":[{"href":"https:\/\/belenesparza.es\/index.php\/wp-json\/wp\/v2\/pages\/716","targetHints":{"allow":["GET"]}}],"collection":[{"href":"https:\/\/belenesparza.es\/index.php\/wp-json\/wp\/v2\/pages"}],"about":[{"href":"https:\/\/belenesparza.es\/index.php\/wp-json\/wp\/v2\/types\/page"}],"author":[{"embeddable":true,"href":"https:\/\/belenesparza.es\/index.php\/wp-json\/wp\/v2\/users\/1"}],"replies":[{"embeddable":true,"href":"https:\/\/belenesparza.es\/index.php\/wp-json\/wp\/v2\/comments?post=716"}],"version-history":[{"count":2,"href":"https:\/\/belenesparza.es\/index.php\/wp-json\/wp\/v2\/pages\/716\/revisions"}],"predecessor-version":[{"id":1102,"href":"https:\/\/belenesparza.es\/index.php\/wp-json\/wp\/v2\/pages\/716\/revisions\/1102"}],"up":[{"embeddable":true,"href":"https:\/\/belenesparza.es\/index.php\/wp-json\/wp\/v2\/pages\/863"}],"wp:attachment":[{"href":"https:\/\/belenesparza.es\/index.php\/wp-json\/wp\/v2\/media?parent=716"}],"curies":[{"name":"wp","href":"https:\/\/api.w.org\/{rel}","templated":true}]}}

<p>MUEBLES ESTAMPADOS<br />
<strong>muebles en madera estampada</strong></p>
<p>Descubrí hace unos años este material buscando las imagenes de aquellos muebles empapelados que se usaban antaño,seguro que en un intento de alargar la vida de los mismos o dignificar su aspecto.Se forraban baules,mesitas,cajas&#8230; Me atrajo la modernidad del proceso.Una construccion estandarizada con un material personalizado y convertido en especial por medio de la avanzada tecnologia.</p>
<p>A la vista de que son productos que os interesan,estoy preparando la produccion de varios de ellos, banquetas, mesitas,pequeños contenedores&#8230; os mantendre informados</p>
<p><img alt='71_71dsc03071' src='https://web.archive.org/web/20241122144208/http://www.belenesparza.es/wp-content/uploads/2023/12/71_71dsc03071.jpg' /> <img alt='71_15dsc03076' src='https://web.archive.org/web/20241122144208/http://www.belenesparza.es/wp-content/uploads/2023/12/71_15dsc03076.jpg' /> <img alt='71_15dsc03069' src='https://web.archive.org/web/20241122144208/http://www.belenesparza.es/wp-content/uploads/2023/12/71_15dsc03069.jpg' /> <img alt='71_15mueblebarcerrado' src='https://web.archive.org/web/20241122144208/http://www.belenesparza.es/wp-content/uploads/2023/12/71_15mueblebarcerrado.jpg' /> <img alt='71_15mueblebardetalle' src='https://web.archive.org/web/20241122144208/http://www.belenesparza.es/wp-content/uploads/2023/12/71_15mueblebardetalle.jpg' /> <img alt='71_15mueblebarabiertocerrado' src='https://web.archive.org/web/20241122144208/http://www.belenesparza.es/wp-content/uploads/2023/12/71_15mueblebarabiertocerrado.jpg' /> <img alt='71_15vajilleroestampado1' src='https://web.archive.org/web/20241122144208/http://www.belenesparza.es/wp-content/uploads/2023/12/71_15vajilleroestampado1.jpg' /> <img alt='71_muble-flores1' src='https://web.archive.org/web/20241122144208/http://www.belenesparza.es/wp-content/uploads/2023/12/71_muble-flores1.jpg' /> <img alt='71_mueble-flores-2jpg' src='https://web.archive.org/web/20241122144208/http://www.belenesparza.es/wp-content/uploads/2023/12/71_mueble-flores-2jpg.jpg' /> <img alt='71_15vajilleroestampado2' src='https://web.archive.org/web/20241122144208/http://www.belenesparza.es/wp-content/uploads/2023/12/71_15vajilleroestampado2.jpg' /> <img alt='71_banqueta3' src='https://web.archive.org/web/20241122144208/http://www.belenesparza.es/wp-content/uploads/2023/12/71_banqueta3.jpg' /> <img alt='71_banqueta4' src='https://web.archive.org/web/20241122144208/http://www.belenesparza.es/wp-content/uploads/2023/12/71_banqueta4.jpg' /> <img alt='71_71banqueta2' src='https://web.archive.org/web/20241122144208/http://www.belenesparza.es/wp-content/uploads/2023/12/71_71banqueta2.jpg' /> <img alt='71_banqueta1' src='https://web.archive.org/web/20241122144208/http://www.belenesparza.es/wp-content/uploads/2023/12/71_banqueta1.jpg' /> <img alt='71_v1' src='https://web.archive.org/web/20241122144208/http://www.belenesparza.es/wp-content/uploads/2023/12/71_v1.jpg' /> <img alt='71_15mesaslateral7' src='https://web.archive.org/web/20241122144208/http://www.belenesparza.es/wp-content/uploads/2023/12/71_15mesaslateral7.jpg' /> <img alt='71_15mesasfrontal1' src='https://web.archive.org/web/20241122144208/http://www.belenesparza.es/wp-content/uploads/2023/12/71_15mesasfrontal1.jpg' /> <img decoding="async" src="http://belenesparza.es/files/gimgs/71_15mesaslateral2.jpg" /></p>

<p>MUEBLES ESTAMPADOS muebles en madera estampada Descubrí hace unos años este material buscando las imagenes de aquellos muebles empapelados que se usaban antaño,seguro que en un intento de alargar la vida de los mismos o dignificar su aspecto.Se forraban baules,mesitas,cajas&#8230; Me atrajo la modernidad del proceso.Una construccion estandarizada con un material personalizado y convertido en [&hellip;]</p>
