{"id":705,"date":"2023-09-29T23:18:26","date_gmt":"2023-09-29T23:18:26","guid":{"rendered":"https:\/\/belenesparza.es\/index.php\/2023\/09\/29\/remodelacion-habitacion-de-hotel-belen-esparza\/"},"modified":"2025-01-10T17:50:53","modified_gmt":"2025-01-10T16:50:53","slug":"remodelacion-habitacion-de-hotel-belen-esparza","status":"publish","type":"page","link":"https:\/\/belenesparza.es\/index.php\/arquitectura\/remodelacion-habitacion-de-hotel-belen-esparza\/","title":{"rendered":"Remodelaci\u00f3n habitaci\u00f3n de hotel : belen.esparza"},"content":{"rendered":"<p>REMODELACI\u00d3N HABITACI\u00d3N DE HOTEL<\/p>\n<p>|<\/p>\n<p><img decoding=\"async\" src=\"http:\/\/belenesparza.es\/files\/gimgs\/113_mallorca-001-a.jpg\" \/> <img decoding=\"async\" src=\"http:\/\/belenesparza.es\/files\/gimgs\/113_mar-002.jpg\" \/> <img decoding=\"async\" src=\"http:\/\/belenesparza.es\/files\/gimgs\/113_mar-004.jpg\" \/> <img decoding=\"async\" src=\"http:\/\/belenesparza.es\/files\/gimgs\/113_mallorca-002-a.jpg\" \/><\/p>\n","protected":false},"excerpt":{"rendered":"<p>REMODELACI\u00d3N HABITACI\u00d3N DE HOTEL |<\/p>\n","protected":false},"author":1,"featured_media":0,"parent":961,"menu_order":0,"comment_status":"closed","ping_status":"open","template":"","meta":{"ngg_post_thumbnail":0,"footnotes":""},"class_list":["post-705","page","type-page","status-publish","hentry"],"_links":{"self":[{"href":"https:\/\/belenesparza.es\/index.php\/wp-json\/wp\/v2\/pages\/705","targetHints":{"allow":["GET"]}}],"collection":[{"href":"https:\/\/belenesparza.es\/index.php\/wp-json\/wp\/v2\/pages"}],"about":[{"href":"https:\/\/belenesparza.es\/index.php\/wp-json\/wp\/v2\/types\/page"}],"author":[{"embeddable":true,"href":"https:\/\/belenesparza.es\/index.php\/wp-json\/wp\/v2\/users\/1"}],"replies":[{"embeddable":true,"href":"https:\/\/belenesparza.es\/index.php\/wp-json\/wp\/v2\/comments?post=705"}],"version-history":[{"count":1,"href":"https:\/\/belenesparza.es\/index.php\/wp-json\/wp\/v2\/pages\/705\/revisions"}],"predecessor-version":[{"id":748,"href":"https:\/\/belenesparza.es\/index.php\/wp-json\/wp\/v2\/pages\/705\/revisions\/748"}],"up":[{"embeddable":true,"href":"https:\/\/belenesparza.es\/index.php\/wp-json\/wp\/v2\/pages\/961"}],"wp:attachment":[{"href":"https:\/\/belenesparza.es\/index.php\/wp-json\/wp\/v2\/media?parent=705"}],"curies":[{"name":"wp","href":"https:\/\/api.w.org\/{rel}","templated":true}]}}

Remodelación habitación de hotel : belen.esparza

<p>REMODELACIÓN HABITACIÓN DE HOTEL</p>
<p>|</p>
<p><img decoding="async" src="http://belenesparza.es/files/gimgs/113_mallorca-001-a.jpg" /> <img decoding="async" src="http://belenesparza.es/files/gimgs/113_mar-002.jpg" /> <img decoding="async" src="http://belenesparza.es/files/gimgs/113_mar-004.jpg" /> <img decoding="async" src="http://belenesparza.es/files/gimgs/113_mallorca-002-a.jpg" /></p>

<p>REMODELACIÓN HABITACIÓN DE HOTEL |</p>
