{"id":696,"date":"2016-03-24T09:00:08","date_gmt":"2016-03-24T09:00:08","guid":{"rendered":"https:\/\/belenesparza.es\/index.php\/2016\/03\/24\/articulos-mantel-flores-belen-esparza-2\/"},"modified":"2025-01-10T17:31:16","modified_gmt":"2025-01-10T16:31:16","slug":"articulos-mantel-flores-belen-esparza-2","status":"publish","type":"page","link":"https:\/\/belenesparza.es\/index.php\/articulos\/articulos-mantel-flores-belen-esparza-2\/","title":{"rendered":"Art\u00edculos \/ Mantel flores : belen.esparza"},"content":{"rendered":"<p><strong>Mantel de flores blanco y verde<\/strong><\/p>\n<p>Y despu\u00e9s de los pa\u00f1os de cocina vinieron los manteles para la mesa.<\/p>\n<p>El material tiene \u00abcuerpo\u00bb, un aspecto r\u00fastico y una arruga bonita. Convive bien con las aplicaciones de lana y el lat\u00f3n da brillo al conjunto.<\/p>\n<p>Mantel fabricado en lino 100% r\u00fastico color natural . Borde en bies de algod\u00f3n color verde.<\/p>\n<p>Aplicaciones en lana prensada y ojales de lat\u00f3n.<\/p>\n<p>Opcionalmente , se puede completar con sevilletas fabricadas en lino de 50 x 50 ribeteadas en algod\u00f3n de colores verdes y beiges .<\/p>\n<p><strong>mantel tama\u00f1o 150 x 150 &#8211; 60 euros mantel tama\u00f1o 150 x 210 &#8211; 86 euros mantel tama\u00f1o 150 x 260 &#8211; 106 euros<\/strong><\/p>\n<p><strong>servilleta 50 x 50 &#8211; 9 euros<\/strong><\/p>\n<p><\/p>\n<p><img alt='38_mantel-1-036' src='https:\/\/web.archive.org\/web\/20241122144208\/http:\/\/www.belenesparza.es\/wp-content\/uploads\/2016\/03\/38_mantel-1-036.jpg' \/><strong>\u00a0<\/strong> \u00a0 <img alt='38_mantel-2' src='https:\/\/web.archive.org\/web\/20241122144208\/http:\/\/www.belenesparza.es\/wp-content\/uploads\/2016\/03\/38_mantel-2.jpg' \/><strong>\u00a0<\/strong> \u00a0 <img alt='38_mantel-flores-5' src='https:\/\/web.archive.org\/web\/20241122144208\/http:\/\/www.belenesparza.es\/wp-content\/uploads\/2016\/03\/38_mantel-flores-5.jpg' \/><strong>\u00a0<\/strong> \u00a0 <img alt='38_mantel-flores-6' src='https:\/\/web.archive.org\/web\/20241122144208\/http:\/\/www.belenesparza.es\/wp-content\/uploads\/2016\/03\/38_mantel-flores-6.jpg' \/><strong>\u00a0<\/strong> \u00a0 <img alt='38_mantel-3' src='https:\/\/web.archive.org\/web\/20241122144208\/http:\/\/www.belenesparza.es\/wp-content\/uploads\/2016\/03\/38_mantel-3.jpg' \/><strong>\u00a0<\/strong> \u00a0 <img alt='38_mantel-flores-4' src='https:\/\/web.archive.org\/web\/20241122144208\/http:\/\/www.belenesparza.es\/wp-content\/uploads\/2016\/03\/38_mantel-flores-4.jpg' \/><strong>\u00a0<\/strong> \u00a0<\/p>\n","protected":false},"excerpt":{"rendered":"<p>Mantel de flores blanco y verde Y despu\u00e9s de los pa\u00f1os de cocina vinieron los manteles para la mesa. El material tiene \u00abcuerpo\u00bb, un aspecto r\u00fastico y una arruga bonita. Convive bien con las aplicaciones de lana y el lat\u00f3n da brillo al conjunto. Mantel fabricado en lino 100% r\u00fastico color natural . Borde en [&hellip;]<\/p>\n","protected":false},"author":1,"featured_media":0,"parent":793,"menu_order":0,"comment_status":"closed","ping_status":"open","template":"","meta":{"ngg_post_thumbnail":0,"footnotes":""},"class_list":["post-696","page","type-page","status-publish","hentry"],"_links":{"self":[{"href":"https:\/\/belenesparza.es\/index.php\/wp-json\/wp\/v2\/pages\/696","targetHints":{"allow":["GET"]}}],"collection":[{"href":"https:\/\/belenesparza.es\/index.php\/wp-json\/wp\/v2\/pages"}],"about":[{"href":"https:\/\/belenesparza.es\/index.php\/wp-json\/wp\/v2\/types\/page"}],"author":[{"embeddable":true,"href":"https:\/\/belenesparza.es\/index.php\/wp-json\/wp\/v2\/users\/1"}],"replies":[{"embeddable":true,"href":"https:\/\/belenesparza.es\/index.php\/wp-json\/wp\/v2\/comments?post=696"}],"version-history":[{"count":2,"href":"https:\/\/belenesparza.es\/index.php\/wp-json\/wp\/v2\/pages\/696\/revisions"}],"predecessor-version":[{"id":808,"href":"https:\/\/belenesparza.es\/index.php\/wp-json\/wp\/v2\/pages\/696\/revisions\/808"}],"up":[{"embeddable":true,"href":"https:\/\/belenesparza.es\/index.php\/wp-json\/wp\/v2\/pages\/793"}],"wp:attachment":[{"href":"https:\/\/belenesparza.es\/index.php\/wp-json\/wp\/v2\/media?parent=696"}],"curies":[{"name":"wp","href":"https:\/\/api.w.org\/{rel}","templated":true}]}}

Artículos / Mantel flores : belen.esparza

<p><strong>Mantel de flores blanco y verde</strong></p>
<p>Y después de los paños de cocina vinieron los manteles para la mesa.</p>
<p>El material tiene «cuerpo», un aspecto rústico y una arruga bonita. Convive bien con las aplicaciones de lana y el latón da brillo al conjunto.</p>
<p>Mantel fabricado en lino 100% rústico color natural . Borde en bies de algodón color verde.</p>
<p>Aplicaciones en lana prensada y ojales de latón.</p>
<p>Opcionalmente , se puede completar con sevilletas fabricadas en lino de 50 x 50 ribeteadas en algodón de colores verdes y beiges .</p>
<p><strong>mantel tamaño 150 x 150 &#8211; 60 euros mantel tamaño 150 x 210 &#8211; 86 euros mantel tamaño 150 x 260 &#8211; 106 euros</strong></p>
<p><strong>servilleta 50 x 50 &#8211; 9 euros</strong></p>
<p></p>
<p><img alt='38_mantel-1-036' src='https://web.archive.org/web/20241122144208/http://www.belenesparza.es/wp-content/uploads/2016/03/38_mantel-1-036.jpg' /><strong> </strong>   <img alt='38_mantel-2' src='https://web.archive.org/web/20241122144208/http://www.belenesparza.es/wp-content/uploads/2016/03/38_mantel-2.jpg' /><strong> </strong>   <img alt='38_mantel-flores-5' src='https://web.archive.org/web/20241122144208/http://www.belenesparza.es/wp-content/uploads/2016/03/38_mantel-flores-5.jpg' /><strong> </strong>   <img alt='38_mantel-flores-6' src='https://web.archive.org/web/20241122144208/http://www.belenesparza.es/wp-content/uploads/2016/03/38_mantel-flores-6.jpg' /><strong> </strong>   <img alt='38_mantel-3' src='https://web.archive.org/web/20241122144208/http://www.belenesparza.es/wp-content/uploads/2016/03/38_mantel-3.jpg' /><strong> </strong>   <img alt='38_mantel-flores-4' src='https://web.archive.org/web/20241122144208/http://www.belenesparza.es/wp-content/uploads/2016/03/38_mantel-flores-4.jpg' /><strong> </strong>  </p>

<p>Mantel de flores blanco y verde Y después de los paños de cocina vinieron los manteles para la mesa. El material tiene «cuerpo», un aspecto rústico y una arruga bonita. Convive bien con las aplicaciones de lana y el latón da brillo al conjunto. Mantel fabricado en lino 100% rústico color natural . Borde en [&hellip;]</p>
