{"id":682,"date":"2013-07-26T02:34:26","date_gmt":"2013-07-26T02:34:26","guid":{"rendered":"https:\/\/belenesparza.es\/index.php\/2013\/07\/26\/forma-de-pago-y-envio-belen-esparza\/"},"modified":"2025-01-10T17:57:32","modified_gmt":"2025-01-10T16:57:32","slug":"forma-de-pago-y-envio-belen-esparza","status":"publish","type":"page","link":"https:\/\/belenesparza.es\/index.php\/forma-de-pago-y-envio\/forma-de-pago-y-envio-belen-esparza\/","title":{"rendered":"Forma de pago y env\u00edo : belen.esparza"},"content":{"rendered":"<p>Los pedidos se realizan por correo electr\u00f3nico dirigido a belen.esparza@hotmail.es, para confirmar existencias, plazos de entrega y costes de envio, que se abonan por transferencia.<\/p>\n<p>En Pamplona y en Tudela, pod\u00e9is recoger los pedidos personalmente en nuestros estudios:<\/p>\n<p>Tudela San Marcial 37 .Concertar cita en el 948 848345<br \/>\nPamplona Cipriano Olaso 10 . Concertar cita en el 948 198601<\/p>\n<p>Los env\u00edos a domicilio, por mensajero, tienen un coste a\u00f1adido aproximado de 6 euros.<\/p>\n<p>Todas las piezas del cat\u00e1logo son de fabricaci\u00f3n artesanal y se confeccionan por encargo. Estas son las piezas que, inicialmente he puesto en producci\u00f3n.<\/p>\n<p>Si est\u00e1is interesados por alg\u00fan otro producto de la p\u00e1gina, consultad disponibilidad por correo electr\u00f3nico.<\/p>\n<p>belen.esparza@hotmail.es<\/p>\n","protected":false},"excerpt":{"rendered":"<p>Los pedidos se realizan por correo electr\u00f3nico dirigido a belen.esparza@hotmail.es, para confirmar existencias, plazos de entrega y costes de envio, que se abonan por transferencia. En Pamplona y en Tudela, pod\u00e9is recoger los pedidos personalmente en nuestros estudios: Tudela San Marcial 37 .Concertar cita en el 948 848345 Pamplona Cipriano Olaso 10 . Concertar cita [&hellip;]<\/p>\n","protected":false},"author":1,"featured_media":0,"parent":1084,"menu_order":0,"comment_status":"closed","ping_status":"closed","template":"","meta":{"ngg_post_thumbnail":0,"footnotes":""},"class_list":["post-682","page","type-page","status-publish","hentry"],"_links":{"self":[{"href":"https:\/\/belenesparza.es\/index.php\/wp-json\/wp\/v2\/pages\/682","targetHints":{"allow":["GET"]}}],"collection":[{"href":"https:\/\/belenesparza.es\/index.php\/wp-json\/wp\/v2\/pages"}],"about":[{"href":"https:\/\/belenesparza.es\/index.php\/wp-json\/wp\/v2\/types\/page"}],"author":[{"embeddable":true,"href":"https:\/\/belenesparza.es\/index.php\/wp-json\/wp\/v2\/users\/1"}],"replies":[{"embeddable":true,"href":"https:\/\/belenesparza.es\/index.php\/wp-json\/wp\/v2\/comments?post=682"}],"version-history":[{"count":1,"href":"https:\/\/belenesparza.es\/index.php\/wp-json\/wp\/v2\/pages\/682\/revisions"}],"predecessor-version":[{"id":771,"href":"https:\/\/belenesparza.es\/index.php\/wp-json\/wp\/v2\/pages\/682\/revisions\/771"}],"up":[{"embeddable":true,"href":"https:\/\/belenesparza.es\/index.php\/wp-json\/wp\/v2\/pages\/1084"}],"wp:attachment":[{"href":"https:\/\/belenesparza.es\/index.php\/wp-json\/wp\/v2\/media?parent=682"}],"curies":[{"name":"wp","href":"https:\/\/api.w.org\/{rel}","templated":true}]}}