{"id":674,"date":"2013-07-26T02:25:40","date_gmt":"2013-07-26T02:25:40","guid":{"rendered":"https:\/\/belenesparza.es\/index.php\/2013\/07\/26\/articulos-perchas-de-pinzas-belen-esparza\/"},"modified":"2025-01-10T17:31:55","modified_gmt":"2025-01-10T16:31:55","slug":"articulos-perchas-de-pinzas-belen-esparza","status":"publish","type":"page","link":"https:\/\/belenesparza.es\/index.php\/articulos\/articulos-perchas-de-pinzas-belen-esparza\/","title":{"rendered":"Art\u00edculos \/ Perchas de pinzas : belen.esparza"},"content":{"rendered":"<p><strong>Perchas de pinzas<\/strong><\/p>\n<p>Irene, una venerable se\u00f1ora que conoc\u00ed en Guatemala, me ense\u00f1\u00f3 a guardar los manteles colgados de perchas de pinzas, para evitar que, al usarlos, tuvieran las engorrosas marcas del plegado.<\/p>\n<p>De ah\u00ed surgi\u00f3 la idea de fabricar perchas a juego con los manteles que iba dise\u00f1ando.<br \/>\nLuego las perchas cobraron vida propia, y empec\u00e9 a divertirme haciendo perchas que me recordasen cosas: el circo de mi infancia, cuadros de pintores favoritos, el color de los d\u00edas, banderas&#8230; y ya no s\u00f3lo para colgar manteles: se las hago a mis hijas para sus armarios, a mi nieto para colgar sus pantaloncitos\u2026<\/p>\n<p>Perchas forradas en lanas de colores.<\/p>\n<p>Son piezas artesanales \u00fanicas, nunca salen dos iguales, las voy creando sobre la marcha, a mi criterio, con los colores que me piden o en funci\u00f3n de la persona a la que vayan dirigidas\u2026<\/p>\n<p><strong>Paquetes de tres perchas &#8211; 12 euros<\/strong><\/p>\n","protected":false},"excerpt":{"rendered":"<p>Perchas de pinzas Irene, una venerable se\u00f1ora que conoc\u00ed en Guatemala, me ense\u00f1\u00f3 a guardar los manteles colgados de perchas de pinzas, para evitar que, al usarlos, tuvieran las engorrosas marcas del plegado. De ah\u00ed surgi\u00f3 la idea de fabricar perchas a juego con los manteles que iba dise\u00f1ando. Luego las perchas cobraron vida propia, [&hellip;]<\/p>\n","protected":false},"author":1,"featured_media":0,"parent":793,"menu_order":0,"comment_status":"closed","ping_status":"open","template":"","meta":{"ngg_post_thumbnail":0,"footnotes":""},"class_list":["post-674","page","type-page","status-publish","hentry"],"_links":{"self":[{"href":"https:\/\/belenesparza.es\/index.php\/wp-json\/wp\/v2\/pages\/674","targetHints":{"allow":["GET"]}}],"collection":[{"href":"https:\/\/belenesparza.es\/index.php\/wp-json\/wp\/v2\/pages"}],"about":[{"href":"https:\/\/belenesparza.es\/index.php\/wp-json\/wp\/v2\/types\/page"}],"author":[{"embeddable":true,"href":"https:\/\/belenesparza.es\/index.php\/wp-json\/wp\/v2\/users\/1"}],"replies":[{"embeddable":true,"href":"https:\/\/belenesparza.es\/index.php\/wp-json\/wp\/v2\/comments?post=674"}],"version-history":[{"count":1,"href":"https:\/\/belenesparza.es\/index.php\/wp-json\/wp\/v2\/pages\/674\/revisions"}],"predecessor-version":[{"id":779,"href":"https:\/\/belenesparza.es\/index.php\/wp-json\/wp\/v2\/pages\/674\/revisions\/779"}],"up":[{"embeddable":true,"href":"https:\/\/belenesparza.es\/index.php\/wp-json\/wp\/v2\/pages\/793"}],"wp:attachment":[{"href":"https:\/\/belenesparza.es\/index.php\/wp-json\/wp\/v2\/media?parent=674"}],"curies":[{"name":"wp","href":"https:\/\/api.w.org\/{rel}","templated":true}]}}

Artículos / Perchas de pinzas : belen.esparza

<p><strong>Perchas de pinzas</strong></p>
<p>Irene, una venerable señora que conocí en Guatemala, me enseñó a guardar los manteles colgados de perchas de pinzas, para evitar que, al usarlos, tuvieran las engorrosas marcas del plegado.</p>
<p>De ahí surgió la idea de fabricar perchas a juego con los manteles que iba diseñando.<br />
Luego las perchas cobraron vida propia, y empecé a divertirme haciendo perchas que me recordasen cosas: el circo de mi infancia, cuadros de pintores favoritos, el color de los días, banderas&#8230; y ya no sólo para colgar manteles: se las hago a mis hijas para sus armarios, a mi nieto para colgar sus pantaloncitos…</p>
<p>Perchas forradas en lanas de colores.</p>
<p>Son piezas artesanales únicas, nunca salen dos iguales, las voy creando sobre la marcha, a mi criterio, con los colores que me piden o en función de la persona a la que vayan dirigidas…</p>
<p><strong>Paquetes de tres perchas &#8211; 12 euros</strong></p>

<p>Perchas de pinzas Irene, una venerable señora que conocí en Guatemala, me enseñó a guardar los manteles colgados de perchas de pinzas, para evitar que, al usarlos, tuvieran las engorrosas marcas del plegado. De ahí surgió la idea de fabricar perchas a juego con los manteles que iba diseñando. Luego las perchas cobraron vida propia, [&hellip;]</p>
